
Let v(t) = -t**2 + 55*t - 164. Calculate v(52).
-8
Let b(q) = -3*q + 6. Determine b(12).
-30
Let g(c) = -c**2 - 25*c - 61. What is g(-22)?
5
Let g(o) = -o - 10. Give g(-10).
0
Let c(v) = -v**3 - 12*v**2 - 2*v - 10. Give c(-12).
14
Let j(q) = q**3 - 6*q**2 - 9*q + 3. Calculate j(7).
-11
Let m(r) = 5*r. What is m(-2)?
-10
Let q(k) = k**3 + 14*k**2 - 2*k + 6. Give q(-14).
34
Let l(m) = -m**2 + 43. Calculate l(0).
43
Let r(g) = 2*g**3 - 3*g**2 - 3*g - 1. Determine r(-1).
-3
Let t(l) = -l**3 - 9*l**2 - 3*l - 14. Give t(-9).
13
Let k(v) = -11*v - 2. What is k(-4)?
42
Let i(k) = k**2 - k. Give i(3).
6
Let k(v) = 2*v**3 - 4*v - 3. Calculate k(3).
39
Let p(q) = -5*q**3 - 2*q**2 - 5*q - 5. Calculate p(-2).
37
Let s(x) = -59*x - 656. Calculate s(-11).
-7
Let p(s) = -s**2 - s + 4. Determine p(0).
4
Let x(j) = j - 29. Determine x(0).
-29
Let w(m) = m**3 - m**2 - m - 44. Determine w(0).
-44
Let w(f) = -5*f**2 - 3*f - 2. What is w(0)?
-2
Let t(u) = -u**3 - 8*u**2 - 6*u + 13. Calculate t(-7).
6
Let z(m) = -m**3 - 21*m**2 - 18*m - 7. Determine z(-20).
-47
Let o(f) = -f**3 + 10*f**2 - 26*f + 31. Calculate o(7).
-4
Let c(z) = -z**3 - 16*z**2 - 22*z - 8. What is c(-14)?
-92
Let t(p) = -p + 14. Give t(-25).
39
Let p(r) = -r**3 - 12*r**2 - 21*r - 8. Calculate p(-10).
2
Let q(d) = d**3 + 7*d**2 + d - 17. Give q(-6).
13
Let p(d) = -d**3 - 2*d**2 + 9*d + 2. Give p(-4).
-2
Let v(r) = -r - 1. Determine v(2).
-3
Let x(o) = 12*o + 728. Determine x(-61).
-4
Let g(y) = -81*y - 321. Determine g(-4).
3
Let w(u) = 3*u**3 - 2*u**2 - u. Determine w(-1).
-4
Let c(i) = -i**3 + 2*i**2 - i - 37. Determine c(0).
-37
Let a(k) = -2*k**2 + 22*k + 12. Give a(12).
-12
Let h(z) = 6*z + 4. Calculate h(-2).
-8
Let s(i) = i + 1. Give s(-6).
-5
Let u(t) = 2*t**2 + 7*t - 26. Determine u(-6).
4
Let q(p) = -4*p - 11. Determine q(-6).
13
Let o(v) = -8*v**2 + 3*v + 3. What is o(3)?
-60
Let d(k) = -k + 6. Calculate d(10).
-4
Let v(y) = -y**2 - 16*y - 15. Give v(-1).
0
Let b(i) = i**2 - i + 21. What is b(7)?
63
Let t(v) = 10*v**3. Calculate t(1).
10
Let h(u) = -u**3 + u + 2. Give h(4).
-58
Let n(v) = v**2 - 20*v + 64. Calculate n(10).
-36
Let n(z) = -z**3 - 12*z**2 - 11*z - 12. What is n(-11)?
-12
Let q(w) = -15*w**3 - 2*w**2 - w + 2. Give q(-1).
16
Let r(d) = 11*d**2 - 4*d - 1. Give r(3).
86
Let d(j) = -11*j - 3. Give d(-2).
19
Let z(j) = 11*j**3 - j**2 + j + 2. What is z(-1)?
-11
Let j(n) = n**2 - 3*n - 3. Calculate j(5).
7
Let i(u) = 7*u + 6. Give i(2).
20
Let v(d) = 65*d + 320. Calculate v(-5).
-5
Let z(t) = 8*t - 12. Give z(-1).
-20
Let a(d) = -2*d - 27. What is a(-7)?
-13
Let z(v) = v**3 - 8*v**2 + 5*v - 21. Determine z(7).
-35
Let u(b) = 9*b**2 - 4*b + 3. What is u(1)?
8
Let l(g) = g**2 - 16*g - 17. Calculate l(14).
-45
Let k(t) = -13*t**2 + 36*t + 1. Give k(3).
-8
Let f(g) = -5*g - 20. Determine f(20).
-120
Let s(v) = -v**2 + 17*v - 63. Determine s(12).
-3
Let i(m) = -m**2 - 83. Calculate i(0).
-83
Let f(y) = -17*y - 104. Give f(-5).
-19
Let q(d) = -2*d**2 + d - 3. Determine q(-3).
-24
Let g(m) = -20*m - 197. Determine g(-10).
3
Let a(f) = 3*f**2 - 14*f - 44. Determine a(7).
5
Let c(r) = r**3 - 13*r**2 - 2*r + 11. Calculate c(13).
-15
Let a(j) = j**2 - 6*j - 16. Determine a(8).
0
Let n(q) = -q**3 + 1. What is n(0)?
1
Let t(u) = -u**2 + 12*u - 40. Calculate t(7).
-5
Let g(y) = -y**3 - 9*y**2 - 10*y - 43. Calculate g(-8).
-27
Let m(w) = 3*w + 5. Calculate m(-5).
-10
Let m(w) = 2*w**2 + 21*w + 26. What is m(-10)?
16
Let z(x) = 9*x**2 - 15*x. Determine z(1).
-6
Let x(c) = -3*c**2 + 11*c - 5. What is x(7)?
-75
Let w(v) = -6*v + 13. What is w(3)?
-5
Let z(l) = 5*l - 22. Determine z(5).
3
Let y(l) = l**2 - 19*l + 39. Give y(2).
5
Let w(o) = -o**3 + 12*o**2 + o + 8. Give w(12).
20
Let o(y) = -y**3 + 2*y**2 - y - 3. Calculate o(0).
-3
Let c(k) = k**3 - 2*k + 5. Give c(-4).
-51
Let b(u) = 2*u - 49. Give b(6).
-37
Let c(f) = f**3 - 4*f**2 - 9*f + 17. What is c(5)?
-3
Let y(m) = 4*m + 71. Calculate y(-26).
-33
Let n(h) = -9*h - 30. Calculate n(-4).
6
Let s(y) = -5*y**2 + y - 5. What is s(3)?
-47
Let j(z) = 11*z - 38. Determine j(4).
6
Let g(v) = -v**3 - 8*v**2 - 18*v - 59. What is g(-7)?
18
Let z(x) = -x - 31. What is z(4)?
-35
Let p(c) = -10*c - 44. What is p(-7)?
26
Let g(l) = -l**2 + 11*l + 1. Calculate g(9).
19
Let b(t) = -t**2 + t. What is b(-5)?
-30
Let p(n) = n**3 - 9*n + 11. What is p(2)?
1
Let r(u) = -u**3 - 9*u**2 - 23*u + 10. Calculate r(-6).
40
Let b(c) = 57*c + 468. Determine b(-8).
12
Let v(h) = 2*h + 50. What is v(-31)?
-12
Let d(h) = h**3 + 13*h**2 - 16*h - 9. What is d(-14)?
19
Let s(q) = q**2 - 2*q - 2. Calculate s(3).
1
Let w(z) = -4*z - 45. Calculate w(-11).
-1
Let o(m) = m**2 - 46*m - 692. Calculate o(58).
4
Let q(f) = -6*f**3 - f**2 - 2*f - 5. What is q(-2)?
43
Let k(c) = -c**2 - 12*c + 11. Give k(-16).
-53
Let h(m) = -7*m + 149. What is h(29)?
-54
Let f(s) = -5*s - 39. Determine f(-11).
16
Let q(h) = -h**3 - 5*h**2 - 9*h + 2. Determine q(-4).
22
Let y(m) = -m**2 + 4*m + 2. What is y(5)?
-3
Let x(n) = n**3 - 3*n**2 + 2*n - 3. Calculate x(3).
3
Let c(v) = -3*v - 10. Give c(-5).
5
Let z(g) = -g**3 + g**2 - g - 6. What is z(0)?
-6
Let m(w) = -w**2 - 6*w + 2. Calculate m(-5).
7
Let g(o) = o**2 + 10*o + 14. Determine g(-6).
-10
Let m(o) = -o**3 + 10*o**2 - 16*o - 13. Determine m(8).
-13
Let g(r) = -r**2 + 21*r - 17. Calculate g(14).
81
Let i(s) = 2*s**2 + 11*s - 17. Calculate i(-9).
46
Let q(h) = -3*h**2 + 3*h - 5. Calculate q(0).
-5
Let i(j) = 5*j - 206. What is i(42)?
4
Let z(r) = -r**3 - r**2 + 15*r + 13. Determine z(-4).
1
Let x(c) = c**2 - 118*c - 870. Calculate x(-7).
5
Let s(n) = -n**3 + 15*n**2 - 56*n + 20. Give s(9).
2
Let o(q) = -16*q + 18. Give o(1).
2
Let w(c) = 9*c**2 + 3*c + 2. What is w(3)?
92
Let s(l) = l**2 + 2*l. Determine s(4).
24
Let p(i) = -i**3 - 28*i**2 + 30*i + 51. Determine p(-29).
22
Let s(u) = 7*u - 4. Calculate s(3).
17
Let g(v) = -v**3 + 13*v**2 + v - 8. Give g(13).
5
Let l(z) = -3*z**2 + 12*z + 12. Determine l(6).
-24
Let y(k) = -7*k + 5. Calculate y(1).
-2
Let z(p) = -4*p + 8. Give z(6).
-16
Let s(u) = -8*u - 79. What is s(-12)?
17
Let u(j) = 3*j + 18. Calculate u(-3).
9
Let z(c) = -22*c - 47. What is z(-4)?
41
Let z(n) = n**3 - 13*n**2 + 10*n - 5. Calculate z(12).
-29
Let x(q) = -q + 1. What is x(16)?
-15
Let r(b) = -b**3 + 14*b**2 - 3*b + 36. Determine r(14).
-6
Let c(s) = s**3 + s**2 + s. Calculate c(-1).
-1
Let h(y) = -12*y**2 - y - 8. Give h(-3).
-113
Let d(u) = -u**2 + 6*u + 2. Determine d(5).
7
Let z(q) = -55*q - 110. Determine z(-2).
0
Let b(c) = c. Calculate b(-4).
-4
Let c(g) = -g**3 + 22*g**2 - 23*g + 32. What is c(21)?
-10
Let p(o) = -o**2 - 10*o - 2. Determine p(-8).
14
Let l(z) = -5*z - 28. Calculate l(-11).
27
Let h(u) = 3*u - 2. Give h(0).
-2
Let l(g) = 2*g**2 - 15*g + 8. Give l(6).
-10
Let t(q) = q**2 - 3*q - 12. What is t(5)?
-2
Let v(q) = 6*q**2 + q + 3. Determine v(-2).
25
Let a(j) = j**3 + 10*j**2 + 11*j + 11. Calculate a(-9).
-7
Let n(y) = y**2 + 11*y - 7. What is n(-12)?
5
Let j(t) = -2*t**2 - 17*t - 29. Calculate j(-4).
7
Let x(y) = y**2 - 44*y + 10. What is x(44)?
10
Let l(r) = -r**3 - 4*r**2 + 5*r + 1. Give l(-5).
1
Let v(t) = -t**2 - 4*t + 15. Determine v(-9).
-30
Let w(q) = 7*q + 28. Determine w(11).
105
Let l(c) = c**2 - 5*c + 2. Give l(6).
8
Let x(d) = -d**2 - 10*d - 11. Calculate x(-9).
-2
Let f(o) = -10*o - 5. Give f(-3).
25
Let d(c) = c**3 - 6*c**2 + 14*c - 2. What is d(2)?
10
Let d(i) = -6*i + 11. Give d(-5).
41
Let g(h) = 2*h - 10. Determine g(-3).
-16
Let j(s) = -8*s - 94. Calculate j(-11).
-6
Let t(w) = 6*w**2 + 10. Give t(0).
10
Let y(v) = v**3 + 7*v**2 + v - 4. Give y(-7).
-11
Let w(v) = v + 11. Give w(0).
11
Let s(p) = 2*p**2 - 15*p + 17. What is s(6)?
-1
Let g(u) = 9*u - 51. What is g(6)?
3
Let z(o) = -9*o + 152. Determine z(17).
-1
Let i(o) = -o**3 - 3*o**2 - 4*o. Calculate i(-3).
12
Let i(u) = -u**2 - 46*u - 501. Determine i(-28).
3
Let o(h) = -3*h + 41. Calculate o(8).
17
Let z(b) = b**3 + 20*b**2 + 19*b - 14. What is z(-19)?
-14
Let k(i) = 3*i + 55. Calculate k(-14).
13
Let c(r) = -r**3 - 13*r**2 - 14*r + 24. Give c(-11).
-64
Let d(z) = -2*z + 33. What is d(20)?
-7
Let q(d) = d**2 + 7*d - 8. Determine q(-7).
-8
Let f(z) = -4*z - 23. Give f(-7).
5
Let k(i) = -2*i**3 + 17*i**2 - 15*i + 12. Determine k(7).
54
